alse
Suppose 3*o - 426 = -3*t, 2*t + 5*o + 148 = 3*t. Is t a prime number?
False
Let v = -669 - -1005. Let n = v + -233. Suppose n = 2*u - 31. Is u a composite number?
False
Suppose 3*t = 5*u + 744, 2*u - 259 = 3*t - 4*t. Is t prime?
False
Let h(w) = w**2 - 5*w + 5. Let y be h(5). Suppose -g = -y - 1. Is (-23)/(-1)*(g - 5) prime?
True
Is (-12069)/(-36) - 2/8 a composite number?
True
Let r be (-1 + 4)/(6/8). Suppose 5*b = 5*w - 240, 3*w + 8*b - 3*b = 144. Suppose r - w = -4*p. Is p prime?
True
Let f(q) = -q**3 + 2*q**2 + 3*q - 1. Let z be f(3). Let k be (-118)/(1 - (-2)/z). Suppose -k - 86 = -4*d. Is d prime?
False
Let t(l) = 5*l**3 + l**2 + 4*l + 36. Let u(z) = -z**3 - z - 7. Let c(d) = -2*t(d) - 11*u(d). Is c(5) composite?
True
Let s be (-2 - (-3 + 1))*1. Is s + (-2 - -1) + 156 composite?
True
Let k(m) = -m**3 + 8*m**2 - 5*m. Let o(z) = -z**3 + 9*z**2 + 10*z + 7. Let s be o(10). Is k(s) prime?
False
Suppose -2*q + 2 = -2*y + 4*y, -8 = 2*q + 4*y. Is -1 + (q*-18)/(-2) composite?
False
Let s(f) = 3*f**3 + 2*f - 3. Suppose b + 1 + 0 = -4*y, 0 = y + b - 2. Let u be 4/(1/(y/(-2))). Is s(u) prime?
False
Let m(b) = -7*b**3 + 5*b**2 - 2*b - 1. Let o(c) = -8*c**3 + 6*c**2 - 3*c - 2. Let r(p) = 7*m(p) - 6*o(p). Is r(-5) a prime number?
False
Let q(p) = 3*p**2 + 7*p + 10. Let i be q(9). Suppose -i = -2*j - 0*j. Is j a prime number?
False
Let a(v) = -9*v**2. Let t be a(-1). Let y be (-2 + 17)*(-2)/5. Is t/y - 171/(-2) prime?
False
Suppose 0 = -t - 4. Let j = t - -8. Suppose 51 + 37 = j*r. Is r a prime number?
False
Let p = 6551 - 3612. Is p composite?
False
Let j(a) = -a**2 + 0*a + 0 - 1 - a - 14*a**3. Let y be j(-2). Suppose 2*m + 20 - y = 3*f, 3*m - 143 = -5*f. Is m prime?
False
Suppose -3*g + 16567 = -8384. Is g prime?
True
Let a(o) = 0*o**2 + 6 - 5 + 10*o**3 + 2*o**2. Is a(2) a composite number?
False
Suppose 2*b + 4*y = 460, 3*y + 0*y = 4*b - 876. Suppose -4*k + b = -k. Is k a prime number?
False
Let d = -116 - -257. Is -1*d/6*-14 a prime number?
False
Let s(i) = i**3 - i**2 + i + 19. Suppose 4 = -2*k + 3*k. Suppose 4*h + 2*t + 3*t + 25 = 0, -20 = 5*h + k*t. Is s(h) a prime number?
True
Let f be (-2)/(-8) - 55/(-20). Suppose 0*c + c + 331 = f*m, 0 = 3*c + 12. Suppose 3 - m = -2*b. Is b prime?
True
Let j(h) = 26*h**2 - 4*h - 5. Is j(4) a prime number?
False
Suppose 4*n = -0*n. Let o(f) be the third derivative of f**6/120 - f**5/60 + f**4/24 + 17*f**3/2 + 2*f**2. Is o(n) a composite number?
True
Suppose 7319 = 8*o - 305. Is o prime?
True
Suppose -11 = 6*x - 3*x - 4*q, -x - 2 = -q. Let n be (19/x)/(5/(-15)). Is (-3 + 0)*n*1 composite?
True
Suppose -5*h - 7 = 18. Let d = h - -11. Is (-4)/d*3 + 6 a composite number?
True
Let x = 73 + -43. Suppose x = 4*i - 3*i. Suppose -140 - i = -2*y. Is y prime?
False
Is 4*(2972/16 + 0) prime?
True
Suppose 0 = u - 5*r - 6 - 3, 4*u = 3*r + 2. Let s(d) = 38*d**2 - d - 1. Is s(u) composite?
True
Let v(b) = 27*b**2 + 2. Let q(m) = m**2 - m - 1. Let t(h) = -2*q(h) + v(h). Is t(-3) prime?
True
Let a(j) = 9*j**2 + 2*j + 11. Let v be -4 - -1 - (-1 + -8). Is a(v) prime?
True
Suppose -503 = -6*m + 439. Is m a prime number?
True
Let i(r) = r**3 - 6*r**2 + 4*r. Let g be i(5). Let s = g + 24. Is s a prime number?
True
Let u = 15 - 13. Suppose j = -0*j - u, -5*k = -j - 117. Is k a composite number?
False
Suppose 4*t - t - 15 = 0. Is 5230/25 + (-1)/t a composite number?
True
Let y(f) = -32*f - 6. Suppose 3*o = -0*o - 12. Is y(o) a prime number?
False
Suppose 0 = -2*o - 2*o + 5*v + 20, 0 = -2*o + v + 4. Suppose -h + o*h = -63. Suppose -2*n + h = -51. Is n composite?
True
Let u(o) = o**3 + 8*o**2 + 5*o - 10. Let q be u(-7). Let c be 124 + (-2 + q - 0). Let a = c + -47. Is a prime?
True
Let l(m) = -m**3 - 4*m**2 + 3*m + 3. Let o be l(-6). Let s = o + -34. Is s a prime number?
True
Let k = -1075 - -2636. Is k prime?
False
Let j(t) = -2*t - 2. Let q be j(-2). Suppose q*x = -3*x. Suppose 0 = 5*o - k - 155, -2*o + 4*k + 62 = -x*o. Is o a composite number?
False
Suppose 3*s - 3*a = 141, -3*s - 2*a + 135 = -3*a. Suppose 4*z - s = 4*o, 4 = -5*o - 1. Is z composite?
True
Let n(a) = -a + a + 0*a - 6 + 7*a. Is n(7) prime?
True
Suppose -h + 3*h - 4*i = 0, 3*h - 4 = 4*i. Suppose 3*v = h*o + 20, -5*o + 1 - 7 = v. Is v/6 - 1029/(-9) composite?
True
Let v = -91 + 160. Let m = 85 + v. Suppose -4*a - 6 + m = 4*i, a + 5*i = 29. Is a a prime number?
False
Let g = 220 + -6. Let i = g + -121. Is i a composite number?
True
Suppose 3*v - 23 = 22. Let l(c) = -c - 13. Let r be l(-11). Is ((-5)/v)/(r/186) a prime number?
True
Let j(m) = -5*m + 8*m + 14 - 4*m. Let f be j(10). Is (34/8)/(f/48) a prime number?
False
Let y(p) be the third derivative of p**6/120 + 7*p**5/60 + p**4/8 - 4*p**3/3 + 3*p**2. Suppose -5*a + 5*t - 45 = 0, -2*a + t - 3 = 4*t. Is y(a) prime?
False
Let r = 44 - 81. Let p = r + 164. Is p a composite number?
False
Suppose 0 = -3*r - 2*r - 15, -2*c = -2*r - 580. Is c a composite number?
True
Suppose -3*s - 5*s + 944 = 0. Is s composite?
True
Let y = -40 + 107. Is y a composite number?
False
Let g(a) = 325*a + 56. Is g(13) a prime number?
False
Is 80 + 6/4*-2 prime?
False
Suppose -b = 21 - 70. Is b composite?
True
Suppose 2*g = -9*g + 52085. Is g prime?
False
Let w be ((-29)/4)/(5/20). Let m = w + 51. Is m a prime number?
False
Let k(y) = 2*y**2 + 5*y + 18. Let l be (-1)/((-2)/(-26)*1). Is k(l) a composite number?
True
Let d = -503 + 954. Is d a composite number?
True
Let w be 3/(-5) - 34/85. Suppose -3*g - 2*t = -0*g, -t = -g - 5. Is w/(g - (-225)/113) a composite number?
False
Is 979/3 + 5/(-15) a prime number?
False
Let x(p) = p**2 - 1. Let s(a) = a**3 + 11*a**2 - a - 13. Let d be s(-11). Let q be x(d). Suppose -317 = -2*y + q*g, 3*y - 640 = -y + 4*g. Is y composite?
False
Let s be (4 + -150)/((-2)/10). Let k = s + -333. Is k a prime number?
True
Suppose -7*z = -549 - 690. Is z prime?
False
Let f(v) = -v**3 - 4*v**2 + 4*v - 2. Is f(-6) composite?
True
Let g(s) = -150*s**3 - 2*s**2 + s + 2. Is g(-1) composite?
False
Suppose -9 = -3*o + f + f, -13 = -5*o + 4*f. Suppose 143 - 38 = o*q. Is q prime?
False
Let y(s) be the first derivative of 7*s**5/60 - s**4/12 - s**3/3 - s**2/2 - 2. Let b(x) be the second derivative of y(x). Is b(3) prime?
False
Let c(j) = 91*j**2 + 6*j - 1. Let g be c(5). Suppose 5*v - 2860 = d, 4*d = 3*v + v - g. Is v a prime number?
True
Let n(a) = -3 - 4*a - 9*a**3 + 2*a**2 + 2*a + 10*a**3. Is n(4) composite?
True
Let s(j) be the first derivative of 15*j**2/2 + 2*j - 2. Let l be s(2). Suppose -4*v + 6*v - 4*q = l, -q - 29 = -2*v. Is v prime?
False
Suppose t + 9 = 4*t. Let f(v) = -7 - 2*v**t - 5*v**2 + 8 + 3*v**3. Is f(6) a composite number?
False
Suppose 0 = 3*h - 7*i + 2*i - 458, 5*i = 25. Let t = h + -94. Is t composite?
False
Let b(z) = z**3 + 12*z**2 + 11*z + 7. Is b(-11) composite?
False
Suppose h = 3*h - 230. Is h composite?
True
Suppose 0 = -3*t - 3. Let o(u) = -3*u - 1. Let g be o(t). Suppose 0*k = g*k + 4*r - 86, -3*k = 2*r - 117. Is k composite?
False
Let x(s) = -498*s - 11. Is x(-5) prime?
False
Let r(i) = i**3 - 5*i**2 + i - 3. Let n be r(5). Suppose -200 = u - m + 4*m, n*m = -3*u - 607. Let q = -54 - u. Is q a composite number?
False
Let f(d) = 4*d**3 - 2*d**2 - 3. Let g be ((-1)/2)/((-3)/18). Is f(g) a composite number?
True
Suppose -m + 18 = -p, -2*p = 5*m + 2*p - 117. Is m a composite number?
True
Suppose -3*v + 8*v = 4*w + 733, v - 5*w - 134 = 0. Is v prime?
True
Suppose 0 = 4*d + o - 19832, o = -0*o - 4. Is d/15 + 4/10 a prime number?
True
Is (-3)/24 - (-27762)/16 composite?
True
Let o = -8 - -5. Suppose m + 6 = 3*w, 2*w - 5*w + 6 = 0. Is o*(m + -1 + -6) a prime number?
False
Let q be 3/(9/6) - -10. Is (-6)/(-2) - (q - 55) a prime number?
False
Let f = 21 - 13. Let h = -5 + f. Is (h - -5) + (0 - 2) a prime number?
False
Let w(a) = a**3 - 5*a**2 + 5*a - 7. Suppose 4*m - m = 3*j + 24, j - 22 = -4*m. Let q = m - 0. Is w(q) composite?
False
Suppose 0 = 4*m + 4*w - 992, 2*m - 5*w - 100 = 431. Is m prime?
False
Suppose 2*x + 3*q - 391 = 0, -3*q + 80 = -2*x + 501. Suppose -3*a = -28 - x. Is a a prime number?
False
Let r(w) = 26*w**3 + 2*w - 2. Is r(1) a composite number?
True
Let i(f) = -5*f - 1. Let h be i(-1). Suppose h*g = 112 + 148. Is g composite?
True
Let d = -23 + 13. Let q be 2*1 - 7*d. Let v = q - 47. Is 